et c be k(26). Give w(c).
10
Suppose 6*r - 43 = -1. Let n(t) = 8*t - 22 + 14 + t**3 + 2*t + 5*t**2 + r*t**2. Calculate n(-11).
3
Let d(q) be the second derivative of q**5/20 + 7*q**4/6 - 5*q**3/2 - 11*q**2/2 - 3*q + 7. Calculate d(-15).
-11
Let p(z) be the first derivative of z**7/840 + z**6/360 - z**4/12 - z**3/3 - 3. Let x(n) be the third derivative of p(n). Let f = -22 + 20. Calculate x(f).
-6
Let f(s) be the first derivative of 8*s - 2 + 3/2*s**2 - 1/3*s**3. Let d be (6/(-7))/(1/(-7)). Determine f(d).
-10
Let u(q) = -2*q**3 - 3*q**2 - q. Let n be u(-2). Let g be (n/4)/((-6)/(-16)). Let c(w) = -3*w + 3. Let h(x) = -x. Let k(v) = -c(v) + 2*h(v). Calculate k(g).
1
Let x(y) = -3*y**2 - 3*y + 7. Let q(s) = -2*s**2 - 3*s + 6. Let v(m) = -4*q(m) + 3*x(m). Calculate v(6).
-21
Let n = 1619 + -1614. Let i(z) = z**2 - 10*z + 13. Give i(n).
-12
Let m = 1 - -2. Let q(f) = -1 - 17*f + 35*f + 3*f**2 + f**2 - 15*f - 3*f**2. Determine q(m).
17
Let o(q) = 7*q - 5. Let m(y) = 12*y - 9. Let n(z) = 4*m(z) - 7*o(z). Suppose 3*v - 2*l = -17, 0 = v - 3*l + 13 + 2. Calculate n(v).
2
Let c(d) = d - 6. Let s be c(9). Suppose -s*i + 0 = 6. Let q(v) = v**3 - 2*v. Determine q(i).
-4
Let p(r) be the second derivative of r**5/60 - r**4/8 + r**3/3 + 3*r**2 + 5*r. Let l(m) be the first derivative of p(m). Let k = -11 - -14. Determine l(k).
2
Let d be 6/4 + (-27)/6. Let l(m) = -3*m**2 + 0*m**2 - m**3 + 1 + 2*m**2 - m**2 + 4*m + m**2. Calculate l(d).
7
Let h(b) = -7*b + 14249 + 0*b**2 + b**2 - 14242. Suppose z + 4*z = 30. Give h(z).
1
Let t(b) be the second derivative of -b**4/12 + b**3/6 + 5*b**2 + 2*b + 51. Give t(0).
10
Let x be (-8)/(96/165) + (-1)/4. Let n(j) = -j - 5. What is n(x)?
9
Let o(s) = 5*s + 39. Let c(z) = -6*z - 40. Let f(j) = 2*c(j) + 3*o(j). What is f(-14)?
-5
Let r(n) = -n**2 - 16*n + 19. Suppose -36*t + 39*t = -51. Determine r(t).
2
Let r(a) = 4*a - 2 + 0 + 0*a - 4*a**2 - a**3 + 7*a**2. Suppose 5*k + 4*m + 39 = 129, -4*k + 4*m + 72 = 0. Let c be (-1)/(2 + k/(-8)). Give r(c).
-2
Let r(q) = q**2 - 6*q - 3. Let u be ((-1)/2)/(3/(-180)). Let b be (-378)/(-147) - 8/14. Suppose -u = -3*w - b*w. What is r(w)?
-3
Let s(u) be the first derivative of u**4/2 + 3*u**2/2 - 2*u + 336. Give s(2).
20
Suppose -2 + 4 = 4*w - 3*d, -2*w = -5*d + 6. Let s(y) = 37*y + 1 - y**2 - 19*y - 17*y. Let x(f) = -f**2 + 7*f - 6. Let a(t) = w*s(t) - x(t). What is a(-6)?
2
Let l(t) = -4*t**2 + 16*t + 13. Let q(o) = -o**2 + 4*o + 3. Let b(x) = 2*l(x) - 9*q(x). Suppose -156*k + 4*s + 32 = -152*k, 3*s - 18 = -4*k. Calculate b(k).
11
Let i(j) = j**2 - 16*j + 9*j - 1 - 2 + 10*j. Calculate i(4).
25
Let l = 33 + -41. Let r(s) = -s + 1. Determine r(l).
9
Let l(r) = -8 - 2*r + 142*r**2 - 290*r**2 - 11*r + 147*r**2. What is l(-12)?
4
Let p(y) = -y - 5. Let n(w) = w + 9. Let f(m) = 3*n(m) + 5*p(m). Suppose r - 3*r = -6. Suppose -h = -r*j + 4*h - 11, 2*j - 10 = -h. Determine f(j).
-4
Let r(o) = 2*o - 26. Suppose -3*q + 50 = 4*t - 12, -4*t + 5*q + 78 = 0. What is r(t)?
8
Let g = 15 - 13. Let a(b) = -g - b - 4 + 12. What is a(7)?
-1
Let w(g) = -g**2. Let v(k) = -k**2 - 20*k - 89. Let u be v(-7). Give w(u).
-4
Let d(j) = -16*j**3 - 21*j**2 - 16*j - 16. Let k be (-11 + -1)*1 + 1. Let q(a) = 3*a**3 + 4*a**2 + 3*a + 3. Let o(s) = k*q(s) - 2*d(s). Calculate o(-1).
-1
Let c(p) = 3*p + 6. Suppose -3*h - o + 10 = -1, 0 = 2*h + 3*o - 19. Suppose h*r + 11 = -1. What is c(r)?
-12
Let l(d) = -5*d - 6. Let x(j) = -j. Let w(t) = -26*t - 25. Let n(p) = -w(p) + 4*x(p). Let o(s) = 9*l(s) + 2*n(s). Determine o(-8).
4
Let i(w) = -w**2 + 13*w - 12. Let j = -638 - -647. What is i(j)?
24
Let m(i) be the first derivative of 4*i**3/3 - i**2/2 + 3*i - 2. Let n(o) = -o**2 - o. Let k(h) = -m(h) - 5*n(h). What is k(-6)?
-3
Let j be ((-21)/56)/(4/(-32)). Let f(v) = -2*v**3 + 3*v**2 - 3*v + 1. Calculate f(j).
-35
Suppose -8 = d + 2*w, -20 = -5*d - 4*w - 66. Let j(t) = -8 - 13*t - 2*t**2 + 2*t - 2*t**2 + 3*t**2. Give j(d).
2
Suppose -g = 3*l + 18, -7*l - 4*g = -9*l - 12. Let q(h) = h**3 + 6*h**2 - 2*h + 3. What is q(l)?
15
Let r(j) be the second derivative of j**5/30 + j**4/3 + j**3/2 + 7*j**2 + 7*j. Let i(c) be the first derivative of r(c). Calculate i(-5).
13
Suppose -x = -0*x - 4. Let q(l) = 6 + 2 + 6 - 3 - 9 + 4*l. Determine q(x).
18
Let o(d) = 3*d - 20. Let k(l) = 2. Let n(a) = -5*k(a) - o(a). Calculate n(12).
-26
Let g be 1/(-4)*2*-62. Let x(j) = -36 - 7*j - 3*j**2 + g + 2*j**2. What is x(-5)?
5
Let s(n) = -55 - 64*n - 69*n - 55*n + 197*n. Calculate s(6).
-1
Let q(g) = g**3 - 7*g**2 - 2*g - 7. Let h be q(7). Let c = -12 - h. Let v(k) = -c*k**2 - 2*k + 6*k**2 + k**3 + 0*k + 3. What is v(3)?
-3
Let m be 688/88 - 12/(-66). Let h(g) = g**3 - 9*g**2 + 11*g - 10. What is h(m)?
14
Let t(x) = 5*x + 2 - 3*x - 5*x + 0. Let n = -171 - -173. What is t(n)?
-4
Let b(r) = -273*r + 270*r - 1 + r**2 - 1. Calculate b(3).
-2
Let w be (2 + 6)/(4/2). Let p be (-3)/(-6)*-2*-5. Let a(m) = -5*m + 6 + m + p - 5. Calculate a(w).
-10
Let m be (-176)/(-32)*108/99. Let x(o) be the third derivative of o**4/24 - 13*o**3/6 + 2*o**2. Give x(m).
-7
Suppose -3*d + 36 = 4*g - d, 0 = 2*d - 8. Let x(h) = -6*h**3 + 4*h + 2*h**3 + g*h**2 + 4*h**3 - 7 + h**3. Calculate x(-6).
5
Suppose -q + r = -23, -3*r = 3*q - q - 31. Suppose -q + 8 = -3*k. Let s(j) = 4*j - 6. Let u(a) = -5*a + 7. Let i(m) = k*s(m) + 3*u(m). Calculate i(4).
1
Let q(m) be the third derivative of -m**6/120 + m**5/12 + m**4/24 + 2*m**3/3 + m**2 + 22. Give q(4).
24
Let s(n) = 13*n**2 + 9*n - 5. Let r(a) = 17*a**2 + 8*a - 6. Let p(v) = -3*r(v) + 4*s(v). What is p(-12)?
-2
Suppose 3*d - 14 = 16. Let b(s) = -d - s**2 - s - 14 - 16 + 41. Determine b(-2).
-1
Let f(w) be the second derivative of -w**5/20 - 13*w**4/12 - 11*w**3/6 + 13*w**2/2 + w. Calculate f(-12).
1
Let x = 389 + -411. Let i(v) = v**2 + 23*v + 17. Calculate i(x).
-5
Let l(o) be the third derivative of -o**8/10080 - o**7/1680 + 7*o**5/15 - 20*o**2. Let n(a) be the third derivative of l(a). Give n(-3).
-9
Let f(c) = -4 - 1 + 7 - c. Let k(o) = o**2 + 4*o - 312. Let y be k(-20). What is f(y)?
-6
Suppose 5*x - 4*w - 18 = 0, -4*w - 4 = x - w. Let k(j) = -3*j**x + 8*j**2 + 1 + 8*j**2 - j + 0. Calculate k(1).
13
Suppose -47 - 7 = -9*b. Suppose b = -3*t - 9. Let u(v) = v + 1. Determine u(t).
-4
Suppose 2*n + 1 = 3. Suppose -2*g - 14 = -5*t, -n = -0*t + 2*t - 3*g. Let u(d) = 3*d**2 - 3*d + 816*d**3 + 2 - 815*d**3 - 6*d**2. What is u(t)?
6
Let n be -2*4 + 2 + -1. Let z(h) be the third derivative of -h**6/120 - h**5/10 + h**4/4 + h**3/2 - 438*h**2 + 2. Give z(n).
10
Let g = -28 + 25. Let w be (18/(-2))/g + 0 + 1. Let b(l) = 2*l**2 - 6*l + 4. Determine b(w).
12
Let f(v) = 4*v**2 + 3 + 2*v**2 - 5*v**2 - 6*v. Suppose 32 = 5*h + o, h + 4*o + o = -8. Suppose l - h*i - 2 = -4*i, 5*i = -4*l + 25. What is f(l)?
-2
Let d(z) = -1. Let j(f) = -f - 10. Let u(k) = 6*d(k) - j(k). Let t be u(0). Let q(h) = -43*h - 30*h - 2 - 43*h + 118*h. Give q(t).
6
Let u(y) = -4*y**2 - 2*y + 1. Let f be (-48)/80 - 8/(-5). Determine u(f).
-5
Let w(v) = -v**3 + v**2 + 1. Let o(j) = -6*j**3 + j**2 - 3*j + 4. Let l(g) = -o(g) + 5*w(g). Suppose 14*m = 7*m - 14. What is l(m)?
3
Suppose -a = -3*a + 8. Let c = a + -10. Let f(p) = -p**3 - 3 + 5*p - 3 - 5*p**2 - 2. What is f(c)?
-2
Let p(b) be the third derivative of -b**5/60 + 5*b**4/24 - b**3/3 - 28*b**2. Suppose -6*x + x = -25. Calculate p(x).
-2
Let p(u) = u**3 + 3*u**2 + 4*u + 4. Let t = -47 + 44. Determine p(t).
-8
Let q(c) be the first derivative of 0*c**2 - 1/3*c**4 + 0*c + 1/120*c**5 + 2 + 4/3*c**3. Let j(p) be the third derivative of q(p). Determine j(0).
-8
Let u(c) = c - 1. Suppose -21*s + 34*s - 26 = 0. Calculate u(s).
1
Let u be (-2)/(-4) + (-190)/(-20). Let s be u*(36/(-15) + 3). Let b(w) = -w + 2. Give b(s).
-4
Let k = 11 - 8. Let x be 1/(2 + (-13)/7). Let h(b) = 2 + 5*b + b**k - 2*b**2 + x*b**2 - 1 + 3. Give h(-4).
0
Let s(j) = -5*j + 30. Let a(k) = -9*k + 57. Let z(n) = -6*a(n) + 11*s(n). Determine z(-9).
-3
Let y(s) = -s**2 - 7*s - 3. Let c(g) = -19*g - 51. Let l be c(-4). Let n be 1005/(-35) - 4/14. Let p = n + l. Give y(p).
9
Let v(g) = -3*g - 14. Let l be v(-6). Suppose 6 = l*p - 6. Suppose 2*a = 3*z - 18, -2*z - 5 = p*a - z. Let i(c) = c + 7. What is i(a)?
4
Suppose -d - 3*f - 9 - 1 = 0, 4*d + 3*f = -22. Let a(t) =